**2 - 17*g - 9. Let b be d(-8). Suppose 4*x - b - 93 = 0. Suppose n - 63 = -5*r + x, 0 = n - 4*r - 75. Is n prime?
False
Let i = 4 - -2. Suppose 4*j - i*j = -606. Is j a prime number?
False
Let l(j) = 3*j + 6. Let y be l(-3). Let q be (y - 1)/(13 - 12). Is q/(-12)*0 + 37 prime?
True
Let i be (-8)/(-2) - 14/(-14). Let q(p) = 11*p - 6. Is q(i) a prime number?
False
Let o(u) = u + 3. Let y be o(2). Suppose -y*c + 2637 = -k, 978 = 5*c + 4*k - 1649. Is c composite?
True
Let z = -6845 - -3300. Let f = 390 - z. Is f prime?
False
Suppose 1164 = 3*f - 2*f. Let z(a) = a**3 - 15*a**2 + 26*a. Let i be z(13). Suppose 0 = -4*d - 4*r + f, -d + i*d = -r - 295. Is d a composite number?
False
Suppose 90*t - 1349284 = 584006. Is t prime?
True
Let t(u) = -238*u + 40 + 48 - 45. Is t(-7) composite?
False
Suppose 4*a - 10 - 2 = 0. Suppose -r - 2*r = 3*w - 648, a*w - 4*r = 613. Is w a composite number?
False
Let u(d) = 5*d + 6*d**2 + 6 + 1 + 0. Is u(-12) composite?
False
Let r be -427 + 1 + -4 - 3. Let d = -248 - r. Let k = -22 + d. Is k a prime number?
True
Let d(t) = -3*t - 20. Let b be d(-10). Suppose 753 = 13*s - b*s. Is s prime?
True
Suppose 26 = -2*y - 3*j, -2*y - 2*j = -4*y - 6. Let v be 2/5*(y + 17). Suppose 0 = h + 5, -2*o + v*h = -4*o + 266. Is o composite?
True
Let p be 1/(-3 - (-388)/128). Suppose -3*q - 4*c - p = -1, 2*c = -q - 13. Is 85 + 3 + q + 0 composite?
False
Suppose -4*q = -3*h - 199242, -94939 = -4*q - 2*h + 104293. Is q a composite number?
True
Let c be ((0 - 7/5) + 1)*-10. Suppose -13*g = -c*g - 4194. Is g prime?
False
Suppose 0 = -3*o + 3*i + 192, 2*o - 6*i = -i + 119. Suppose -16 = -3*h + 74. Let p = o - h. Is p composite?
False
Suppose -c = 1, -3*c = 5*k - 4 + 42. Let s = k + 9. Is (-2 - (-357)/s)*2 prime?
True
Suppose 0 = -9*n + 8*n - 127. Is 2/((-4)/22)*n composite?
True
Suppose -5*r = -4*d - 138 - 679, d = 3*r - 486. Is r a prime number?
False
Let a = -553 - -3618. Is a a composite number?
True
Let u = 155 + -103. Let i be u/2 + 3 + -1. Is (29 + -1)*21/i prime?
False
Let m = -68 - -30. Let g = 95 - m. Suppose 6*h + h = g. Is h composite?
False
Let h = 29 - 29. Suppose 3*w + 208 = z, z - 5*w + 84 - 290 = h. Is z composite?
False
Let u = 3311 + 3554. Is u composite?
True
Suppose -3*a - 5*m + 4*m = -13684, -4563 = -a - 2*m. Is a composite?
False
Let o = -17515 - -31884. Is o a composite number?
False
Let s = -28366 - -44699. Is s prime?
True
Let f(c) = c + 4. Let d be f(19). Let p(u) = -u**3 + 25*u**2 + 3*u + 6. Is p(d) a prime number?
False
Let x(k) = -9537*k - 79. Is x(-10) a prime number?
False
Let x = -397 + 588. Is x prime?
True
Let v(x) = -x**2 - 46*x + 12. Let m(g) = -g**2 - 23*g + 6. Let h(l) = -9*m(l) + 4*v(l). Is h(-11) composite?
True
Let b = 10 - 8. Let o(x) = 2 + 90*x**2 + 5*x - 16*x + 91*x**b + 7*x. Is o(2) composite?
True
Let w = 25 + -215. Let a = w - -331. Is a prime?
False
Let o(f) = 4770*f**2 - 11. Is o(2) a composite number?
False
Suppose -3*m - 2*m + 10 = 0. Suppose -6 = 4*c + 2, 0 = -f + m*c + 671. Is f a composite number?
True
Suppose -q - 3*q + 106260 = 0. Suppose 0 = y - 5*t - 6636, -4*y - t = -0*t - q. Is y a prime number?
False
Suppose m = 3, -2*m = -0*d + d - 10. Suppose -3*g = -d*o + 584, -2*g = -3*g + 4. Is o prime?
True
Let k be ((-4)/4)/((-2)/6). Suppose 4*m + 7 = 2*w - k, 2*w + 2*m - 28 = 0. Is w composite?
False
Is 72296/24 + (-4)/3 a prime number?
True
Suppose 3*z = 5579 + 13828. Is z prime?
True
Let v = 44 + -63. Suppose 4*g + 87 + 129 = 0. Let d = v - g. Is d composite?
True
Let y be (2 - -2) + -3 + 646. Suppose 10*b = y + 503. Is b composite?
True
Let h = -6792 - -10145. Is h composite?
True
Let f = 34 - 23. Let o(r) = 6*r**3 + 45*r**2 + 91*r - 3. Let w(g) = g**3 + 9*g**2 + 18*g - 1. Let i(d) = 2*o(d) - 11*w(d). Is i(f) a composite number?
False
Suppose 0 = -6*t + 6. Suppose 0 = j - t - 12. Is j composite?
False
Let z = 481 - 277. Let a(n) = -5*n**2 + 4*n + 7. Let h be a(-4). Let x = z + h. Is x a composite number?
True
Let m be ((-37)/(-7) - 5)*21. Suppose 0 = -m*t + 3*t + 669. Is t a prime number?
True
Let w be (7 - 7)/(2/2). Suppose 3*a + w*a - 2259 = 0. Is a a prime number?
False
Let l(w) = 17*w**2 - 16*w + 10. Is l(-4) prime?
False
Let n(l) = 2*l - 5. Let g be n(13). Let q = g + -17. Suppose 0 = -q*h + 722 - 142. Is h composite?
True
Suppose -5*x + 12103 = 3*g, -31*g = -35*g + 2*x + 16120. Is g composite?
True
Let b(j) = 699*j - 21. Is b(12) a composite number?
True
Let l = 86 - -64. Is (-4102)/(-10) + 120/l a prime number?
False
Let d(r) = 75*r**2 - 37*r + 13. Is d(9) a prime number?
False
Let d be -1 - -5 - (-1 - -3). Let m(f) = f - 2. Let h be m(d). Suppose h = -3*n - 0*n + 21. Is n a prime number?
True
Let g = -3372 - -8721. Is g a composite number?
True
Suppose -1209451 - 3527 = -78*n. Is n a composite number?
False
Let f(g) = g**3 + 2*g**2 - g + 3. Let i be f(-2). Suppose o + i*w - 318 = 3*o, 0 = 3*w - 6. Let c = 265 + o. Is c a prime number?
False
Is 106/(-159)*((-18239)/2 + -2) a prime number?
False
Is ((-3356)/6)/((-940)/60 + 15) composite?
False
Let n = 5 + -2. Suppose 4*z + 12 = q - 6, n*q - 14 = 4*z. Is 284 + 3/(-2)*q prime?
False
Suppose -5 - 3 = -4*k. Let l be (-4)/k*(-4035)/30. Let w = -58 + l. Is w composite?
False
Suppose -4*z = 3*q - 29408, 5*q = 4*z - 38110 + 8734. Is z a prime number?
True
Let c = -692 + 3595. Is c a composite number?
False
Let l(w) = 882*w - 173. Is l(8) prime?
True
Is (27/45 - (-12)/30)*5317 composite?
True
Suppose 5*o + 407 = v, 5*o - 859 = -v - v. Let u = 235 - v. Let t = u + 266. Is t a composite number?
False
Suppose x = -2*h + 3171, 58*x - 61*x - 2*h = -9497. Is x a composite number?
False
Suppose b + 20 = 3*b - n, -2*b - 3*n + 4 = 0. Suppose k = b + 11. Is k a prime number?
True
Let k(t) be the third derivative of -5/6*t**3 - 1/60*t**5 + 0 + 0*t - 6*t**2 - 5/6*t**4. Is k(-12) a prime number?
False
Let s(z) = 263*z**2 + 4*z - 5. Let n be s(5). Suppose h = -4*h + n. Suppose 3*c - 353 = h. Is c a prime number?
True
Let x(l) = -l**3 + 12*l**2 + 3*l - 5. Let h(w) = -19*w + w + 6*w. Let b be h(-1). Is x(b) composite?
False
Suppose 2*q = 3*w - 9273, 7244 - 30424 = 5*q - 5*w. Let p = -2692 - q. Is p prime?
False
Let a(w) = w**2 - 6*w - 7. Let x be a(7). Suppose 2*k + 2*k - 2*h - 586 = x, 0 = -k + 3*h + 134. Is k a prime number?
True
Let l(g) = 836*g + 2. Let u(z) = 279*z + 1. Let n(t) = -3*l(t) + 8*u(t). Is n(-7) a composite number?
True
Suppose 4*n + 4*m + 92 = 0, m = -0*n + n + 15. Let a = 340 - n. Is a a prime number?
True
Let h(n) = -4*n**3 + 20*n**2 - 87*n - 110. Is h(-25) composite?
True
Let z = 142 - -251. Is z a prime number?
False
Suppose 0 = -10*x + 134969 + 22661. Is x prime?
False
Let g(t) = 33*t - 33. Let d(n) = 16*n - 17. Let b(w) = -5*d(w) + 2*g(w). Is b(-8) composite?
False
Let j = -82 - -118. Suppose -3*l + 4*l + 739 = 4*r, -3012 = 4*l - 2*r. Let g = j - l. Is g composite?
True
Suppose 5*k + 9 + 1 = 0. Let o be (-14)/(-21)*(k + 8). Suppose -2*x = -2*u - 0*u - 294, -o*x - 3*u + 602 = 0. Is x a composite number?
False
Let a(d) = -6821*d - 16. Is a(-1) a composite number?
True
Let r(k) = 20*k - 59. Let d(z) = 9*z - 29. Let i(h) = 7*d(h) - 4*r(h). Is i(-20) a prime number?
True
Let j(c) = -c**2 + c + 2. Let i be j(-1). Suppose i = -2*m + 2*r + 11 + 295, -4*m - 5*r = -576. Is m composite?
False
Suppose u + 21325 = 2*u - 4*j, -3*u + 63936 = j. Is u composite?
False
Let m(u) = 2*u**3 - 3*u**2 - u - 10. Suppose 6 + 0 = -2*b. Let y be m(b). Let p = 135 - y. Is p prime?
True
Suppose 3*m + 4*x + 622 = 0, 0*m - 5*x = 3*m + 623. Let j be -1 + (553 - (-2 + 1)). Let l = j + m. Is l composite?
False
Let w = -2986 - -7691. Is w composite?
True
Suppose -2*b - 8 = 0, 5*p - 3*p + 3*b - 19286 = 0. Is p a composite number?
False
Let q(x) = 64*x**3 + x**2 + 12*x - 19. Is q(6) prime?
True
Let f = 11106 - 4009. Is f composite?
True
Let z(f) = 8*f**3 + f**2 + 8*f - 5. Let v be z(4). Let i = -811 + 482. Let c = i + v. Is c composite?
True
Suppose -5*j + 41858 = 7*m - 4*m, -4*j + 4*m = -33480. Is j a composite number?
True
Let a be (-4 + 3 - -4)/(3/199). Let d = a + -60. Is d composite?
False
Suppose -8*n + 859 + 829 = 0. Is n a prime number?
True
Suppose 90 = -6*j + 12*j. Suppose 2*a - 4*a = 4*k - 998, -5*a - j = 0. Is k composite?
False
Suppose -a - 635 = -2*a. Supp